of 197552188?
5
What is the hundred thousands digit of 15479441?
4
What is the thousands digit of 119347074?
7
What is the ten thousands digit of 241802968?
0
What is the thousands digit of 391047472?
7
What is the hundreds digit of 198941603?
6
What is the hundreds digit of 2937529266?
2
What is the hundreds digit of 3471885633?
6
What is the thousands digit of 213823076?
3
What is the hundred millions digit of 543682015?
5
What is the thousands digit of 33259302?
9
What is the millions digit of 524491276?
4
What is the hundred millions digit of 454728421?
4
What is the ten millions digit of 1759767189?
5
What is the hundred millions digit of 605300049?
6
What is the ten thousands digit of 1684414880?
1
What is the thousands digit of 31549532?
9
What is the thousands digit of 94539764?
9
What is the ten thousands digit of 1418904525?
0
What is the tens digit of 20676057?
5
What is the millions digit of 254137391?
4
What is the ten thousands digit of 1579944914?
4
What is the millions digit of 75756006?
5
What is the millions digit of 89932044?
9
What is the hundred thousands digit of 7813205567?
2
What is the hundred thousands digit of 634063037?
0
What is the tens digit of 80945297?
9
What is the hundred thousands digit of 1820654?
8
What is the thousands digit of 1046186101?
6
What is the thousands digit of 1334489560?
9
What is the tens digit of 274710445?
4
What is the ten millions digit of 1820018056?
2
What is the ten millions digit of 44599215?
4
What is the ten thousands digit of 132011633?
1
What is the hundred thousands digit of 478530833?
5
What is the ten millions digit of 60785939?
6
What is the millions digit of 663616084?
3
What is the ten millions digit of 6252555175?
5
What is the thousands digit of 309330307?
0
What is the ten thousands digit of 2271618?
7
What is the thousands digit of 182557769?
7
What is the hundred thousands digit of 556480535?
4
What is the ten thousands digit of 362207772?
0
What is the ten millions digit of 64964388?
6
What is the ten thousands digit of 127728919?
2
What is the ten thousands digit of 98843996?
4
What is the units digit of 1629226284?
4
What is the thousands digit of 114945210?
5
What is the millions digit of 1515502195?
5
What is the tens digit of 1139500599?
9
What is the units digit of 73621642?
2
What is the ten thousands digit of 816701431?
0
What is the hundreds digit of 131054587?
5
What is the ten thousands digit of 383938104?
3
What is the billions digit of 1853593422?
1
What is the tens digit of 1052371882?
8
What is the thousands digit of 361237323?
7
What is the hundreds digit of 380890731?
7
What is the tens digit of 200500639?
3
What is the ten millions digit of 2992166890?
9
What is the units digit of 2165970?
0
What is the hundreds digit of 697294668?
6
What is the millions digit of 1306770747?
6
What is the hundreds digit of 3185164153?
1
What is the millions digit of 421947179?
1
What is the hundreds digit of 3299296?
2
What is the hundreds digit of 388932704?
7
What is the ten thousands digit of 161898570?
9
What is the hundreds digit of 8506250?
2
What is the hundreds digit of 595794643?
6
What is the ten thousands digit of 26549741?
4
What is the units digit of 23514452?
2
What is the thousands digit of 363570174?
0
What is the hundred thousands digit of 73114024?
1
What is the hundred thousands digit of 1182439832?
4
What is the tens digit of 542200088?
8
What is the hundreds digit of 128315642?
6
What is the thousands digit of 177943404?
3
What is the ten thousands digit of 525314814?
1
What is the ten thousands digit of 6780986882?
8
What is the tens digit of 38416901?
0
What is the hundreds digit of 1025559543?
5
What is the hundreds digit of 1051048672?
6
What is the hundreds digit of 438508290?
2
What is the hundreds digit of 20166229?
2
What is the millions digit of 179650592?
9
What is the hundreds digit of 6607393?
3
What is the hundred thousands digit of 1660329625?
3
What is the hundred thousands digit of 144435339?
4
What is the ten millions digit of 1717265703?
1
What is the thousands digit of 20830670?
0
What is the tens digit of 3372502287?
8
What is the hundred thousands digit of 1360827482?
8
What is the ten thousands digit of 276900002?
0
What is the ten thousands digit of 54072784?
7
What is the ten millions digit of 23622910?
2
What is the hundred thousands digit of 272792259?
7
What is the thousands digit of 2558741022?
1
What is the millions digit of 2119226478?
9
What is the hundreds digit of 110689019?
0
What is the millions digit of 229212379?
9
What is the units digit of 178306110?
0
What is the hundred millions digit of 266796689?
2
What is the units digit of 205678400?
0
What is the tens digit of 1930961195?
9
What is the hundred thousands digit of 327652787?
6
What is the hundred millions digit of 619324448?
6
What is the ten millions digit of 136415594?
3
What is the units digit of 386204548?
8
What is the thousands digit of 1724122990?
2
What is the ten thousands digit of 800855278?
5
What is the units digit of 12156276?
6
What is the hundreds digit of 4001556?
5
What is the billions digit of 3162378380?
3
What is the units digit of 263677011?
1
What is the ten millions digit of 196510130?
9
What is the ten millions digit of 67239040?
6
What is the ten millions digit of 25545308?
2
What is the hundred millions digit of 135682387?
1
What is the millions digit of 1063389980?
3
What is the thousands digit of 789092356?
2
What is the ten millions digit of 53775278?
5
What is the hundred thousands digit of 89348187?
3
What is the billions digit of 2661902232?
2
What is the ten thousands digit of 3969591282?
9
What is the units digit of 165435988?
8
What is the hundred millions digit of 179250337?
1
What is the tens digit of 84171730?
3
What is the hundred millions digit of 138582698?
1
What is the ten thousands digit of 20207798?
0
What is the ten thousands digit of 58756574?
5
What is the hundred thousands digit of 142692832?
6
What is the hundreds digit of 20236956?
9
What is the tens digit of 1104862149?
4
What is the millions digit of 434260513?
4
What is the hundred thousands digit of 64996457?
9
What is the hundreds digit of 41867224?
2
What is the ten thousands digit of 4109953007?
5
What is the hundred thousands digit of 118499693?
4
What is the hundred thousands digit of 2724033972?
0
What is the ten thousands digit of 1323054350?
5
What is the hundred thousands digit of 31644111?
6
What is the hundred millions digit of 1725798294?
7
What is the hundreds digit of 50105739?
7
What is the tens digit of 6480863493?
9
What is the hundred millions digit of 1005305625?
0
What is the tens digit of 142899789?
8
What is the thousands digit of 860201170?
1
What is the hundreds digit of 64463082?
0
What is the billions digit of 1509984543?
1
What is the thousands digit of 234296?
4
What is the hundred millions digit of 653429284?
6
What is the tens digit of 14762117?
1
What is the thousands digit of 141728427?
8
What is the millions digit of 14330087?
4
What is the ten millions digit of 35713104?
3
What is the ten thousands digit of 459850489?
5
What is the hundred millions digit of 485460446?
4
What is the ten thousands digit of 1511676182?
7
What is the hundred thousands digit of 86011089?
0
What is the hundreds digit of 112299742?
7
What is the hundred millions digit of 323140632?
3
What is the millions digit of 14219996?
4
What is the billions digit of 1184880394?
1
What is the thousands digit of 3136077686?
7
What is the hundred thousands digit of 66348824?
3
What is the ten millions digit of 522011801?
2
What is the thousands digit of 30769450?
9
What is the ten thousands digit of 747112801?
1
What is the millions digit of 556292297?
6
What is the thousands digit of 475545401?
5
What is the tens digit of 157621387?
8
What is the millions digit of 739752380?
9
What is the ten thousands digit of 208806490?
0
What is the millions digit of 129357040?
9
What is the thousands digit of 305110685?
0
What is the thousands digit of 46802666?
2
What is the hundred thousands digit of 7688317784?
3
What is the hundreds digit of 77628879?
8
What is the thousands digit of 924674844?
4
What is the ten millions digit of 2924250281?
2
What is the t